et t(z) = -18640*z**3 + 5*z**2 + z - 9. Is t(-2) prime?
False
Suppose -35*j = -102*j + 26758268 + 24544101. Is j prime?
True
Suppose 0 = 3*i + 42*y - 37*y - 515236, i = 2*y + 171771. Is i composite?
False
Let l(y) = 3*y**2 + 14*y - 1. Let w be l(-5). Suppose 3*h + w = 19. Suppose h*q = 5, 20976 = 8*c - 3*c + q. Is c a prime number?
False
Let s = 687 + -169. Suppose 4*f = 9 - 1. Suppose -2*l + d = -527, -2*l + f*d = -2*d - s. Is l composite?
True
Suppose 9*h - 38 = -2. Let x be (-48)/h*(-4)/12*-2. Is 6945/(-6)*x/20 a composite number?
False
Suppose 3516 = -6*v + 10*v. Suppose -261 - v = -2*r. Let z = r + -347. Is z prime?
True
Let j be 4 + (-72184)/(-40) + (-4)/(-10). Suppose 2*v = 925 + j. Is v prime?
True
Let l = -9 + 21. Let k(a) = -2 + 27*a**3 - 21*a + l*a - 1 + 8*a. Is k(2) composite?
False
Let c be (-3)/((-4)/9746*(-13)/(-26)). Suppose 5*z - c - 6806 = 0. Is z a composite number?
True
Let l(w) = -44*w + 83. Let h be ((-12)/(-64)*-4)/(3/36). Is l(h) prime?
True
Is -15 - (8/8 + -9045) a prime number?
True
Suppose -10 = 3*b - 1. Let a(n) = 30*n**3 - 3*n**2 + 3*n - 3. Let u be a(b). Let j = u - -1640. Is j a prime number?
False
Suppose -a = 3*k - 1435, k + 2*a - 954 = -k. Let j(d) = 59*d**2 - 5*d + 7. Let y be j(3). Suppose k + y = 2*i. Is i a prime number?
False
Let g(v) be the second derivative of 61*v**4/6 - 4*v**3 - 19*v**2/2 + 134*v. Is g(13) a composite number?
False
Is 6 + (888/(-72))/((-5)/49065) prime?
False
Let y be 11 + -10 + 1 + 0 + 8. Let r be 1/(-3 + y/4). Is (-1511 - 0)*r*(-6)/(-12) a prime number?
True
Suppose 10*b = 3*b + 2429. Let u = 814 - b. Is u composite?
False
Let l(a) = 8*a + 5. Let v be l(0). Suppose v*x - 10*x - 13150 = -5*n, -3*x + 13126 = 5*n. Is n composite?
True
Let d(q) = 62*q - 23. Let f = -104 + 107. Let p(k) = -1. Let a(t) = f*d(t) - 24*p(t). Is a(19) a prime number?
False
Let b(s) = -2*s**3 - 80*s**2 + 87*s + 2. Let f = -457 - -414. Is b(f) a prime number?
False
Suppose 15 = -8*w + 11*w. Suppose -w*n + 331 = -3*a - 359, 0 = 4*n - a - 552. Let i = n + -59. Is i a prime number?
True
Let v = -1518 - -7003. Is (v/10)/(-1 - 6/(-4)) composite?
False
Let d = 2436984 - 1131917. Is d composite?
True
Suppose i - 2781 = 2*w + 18036, 4*i - 83282 = w. Let c = i - 13602. Is c prime?
True
Let s(f) = 4*f**3 + 9*f**2 - 8*f + 6. Let g(v) = -3*v**3 - 10*v**2 + 8*v - 6. Let c(n) = 4*g(n) + 5*s(n). Is c(8) a composite number?
True
Suppose -6*h = -17*h - 21*h + 3598432. Is h composite?
True
Suppose 30*h - 26*h + 2*m - 38394 = 0, 5*h = m + 48010. Is h prime?
True
Suppose 10*z = 8*z - 3*a, 16 = 2*z - 5*a. Suppose -z*l - 8468 = -t - 27511, 4*t = 5*l - 31729. Is l a composite number?
True
Let n(r) = -r**2 + r - 351. Let b = 58 - 58. Let k be n(b). Let t = k - -538. Is t a composite number?
True
Suppose 0 = -3*w + i + 2, -3*i - 24 = -2*w - 8*i. Let n be 4313 - (0/(w - -2) + -1). Suppose 3*u - n = -t, 0 = 2*t - 9 + 3. Is u composite?
True
Let v be (-3)/18 + 2/12. Suppose 2*p + 7*p = v. Suppose p = h - 77 - 134. Is h a composite number?
False
Let j(r) = -9*r**2 + 35*r**3 + 4*r - 71*r**3 + 49 + 37*r**3. Is j(15) prime?
True
Is -1 - -1 - (476 + -105915) a composite number?
True
Let o = -181310 - -749271. Is o composite?
False
Suppose -4908056 = -12*d - 2524627 + 2751527. Is d composite?
False
Let f = 145381 + -71418. Is f prime?
False
Suppose 95*t - 94*t = 3. Suppose 41*m = 46*m + 10, -t*m + 11445 = 3*l. Is l a composite number?
True
Let r = 96846 - 2099. Is r a prime number?
True
Let i be (2 - 4) + (0 - 12*-1). Is ((-58)/i)/((-2)/230) a prime number?
False
Let b(j) = 2*j**2 - 2*j - 16. Let m(g) = g**2 + 3*g + 4. Let c be m(-3). Let n be b(c). Is 40/n*(-307)/(-5) a prime number?
True
Let b be (-1)/2 - 9/(-2). Let s(h) = -h**3 - 38*h**2 - 103*h + 70. Let z be s(-35). Suppose z = m - 83 + b. Is m a prime number?
True
Is ((-643673)/(-10) - (-8)/40)*(8 + -6) a prime number?
False
Let n(u) = -2 + 3*u**2 + 7*u - 6*u**2 - 11*u - 14*u**3. Is n(-5) a prime number?
True
Is (108/(-9))/(-12)*131729 prime?
False
Let c(r) = 12*r**2 - 15*r + 1223. Is c(40) prime?
False
Let x be ((-69)/(-46))/(1*9/(-48)). Is 163*x/16*-58 prime?
False
Suppose -22236 = -3*v + 26844. Suppose 15*c + v = 23*c. Is c prime?
False
Suppose 0 = 2*c + 9 - 5. Let i be (3052/42)/(c/21). Let l = i + 1476. Is l a prime number?
False
Let f = 81109 + -31796. Is f a prime number?
False
Suppose -2*z + 5*s + 32 + 1 = 0, 2*z - 4*s = 28. Suppose -964 - 2076 = -z*k. Is (12/10)/(16/k) prime?
False
Suppose 5*p = 2*k - 20, k = 8*p - 5*p + 12. Suppose k = 3*m - 13*m + 15740. Is m a composite number?
True
Suppose -19*z - 23*z + 488675 = -17*z. Is z composite?
True
Let g = 4 - 0. Let t(y) be the second derivative of y**5/20 + y**4/4 - y**3 + y**2/2 - 11*y. Is t(g) a composite number?
False
Let z(i) be the third derivative of -1109*i**4/24 - i**3 + 2*i**2 + 37*i. Is z(-1) prime?
True
Suppose 5*t + u - 20 = 40, u = 4*t - 48. Suppose -t*b + 119812 + 76352 = 0. Is b a prime number?
False
Suppose 2*t + 562438 + 283964 = 2*b, 2116003 = 5*b - 4*t. Suppose -20*h + 126181 = -b. Is h prime?
False
Suppose b = 5*n - 2*n + 42083, 252582 = 6*b - 4*n. Is b a prime number?
True
Let q(a) = -2*a + 15. Let v be q(5). Suppose -v*o = -2*o - 480. Suppose 4 = -4*f - 3*n + o, -3*f + 4*n + 117 = 0. Is f composite?
True
Let b = -49 + 53. Suppose b*q + 5*j - 13 = 0, 3*j + 1 = 3*q - 2. Suppose r + q*r = 1923. Is r a prime number?
True
Let o = 77 - 13. Let a = -67 + o. Is 8196/9 - a/(-9)*-1 a prime number?
True
Let w(h) = -3*h**3 - h**2 + 2*h + 48233. Let k be w(0). Suppose k = 5*f - 2*j, 0 = -3*f + j - 3*j + 28943. Is f a prime number?
False
Suppose 4*r - 10374 = -5*k, -4*r - 90*k = -95*k - 10354. Is r prime?
True
Let o(t) = -t**3 + 79*t**2 + 38*t + 257. Is o(78) composite?
True
Let v = -69 + 69. Let z(p) = -p**2 - 3*p. Let b be z(v). Suppose 3*c - 750 - 507 = b. Is c composite?
False
Suppose -13*h + 9*h + 452260 = 0. Is h a prime number?
False
Let i(o) = 413*o**2 + 486*o - 41. Is i(36) prime?
True
Let g = 282683 + -182494. Is g a composite number?
False
Is (-38602)/((-65)/7 + 9) composite?
True
Let o(v) = -68*v**3 - 8*v**2 - 67*v - 580. Is o(-9) a prime number?
True
Let w = 36923 - 2692. Is w prime?
True
Let n(m) = -236*m - 47. Let h be (30/(-4))/((-12)/(-24)). Is n(h) a composite number?
True
Let q be 60/(-40)*(-1324)/3. Suppose 17*x - 15*x = q. Is x prime?
True
Suppose -2*a = 21 - 1. Is ((-27658)/a*5)/1 a composite number?
False
Let k = -14929 - -26984. Is k prime?
False
Suppose 16*r + 24 = 216. Is (-223)/(3 + (-42)/r) composite?
True
Suppose -130*k + 703784 + 1898500 = -756526. Is k a composite number?
True
Let g(r) = 251*r**2 + 98*r - 902. Is g(11) a composite number?
True
Let m(b) be the second derivative of 13*b**4/2 + 2*b**3/3 + 2*b**2 - 10*b + 3. Suppose 3*i = z - 9, -4*i - 2*z + 1 = 13. Is m(i) prime?
False
Let f = 431493 - 146064. Is f a prime number?
False
Let g(y) = -34*y**3 - 33*y**2 - 113*y + 1. Is g(-4) composite?
True
Let r(t) = 7*t**2 - 40*t - 55. Let l be r(-21). Suppose 0 = 2*p - 4*y - l - 8022, 0 = y - 3. Is p prime?
True
Suppose 2*u - 11 = -c, -8*c = -2*u - 5*c + 7. Is (1441 + 1 + u)/(4/12) prime?
False
Suppose -127550 = -5*j - 5*a, 0 = 5*j - 4*a + 22766 - 150352. Is j a prime number?
False
Let n(w) = -102768*w + 425. Is n(-1) prime?
False
Let a(s) = 3*s**3 + 17*s**2 + 29*s + 1. Let f be a(-11). Let g = f - -3501. Is g prime?
False
Is 6/(10127155/(-1446751) - (-4 - 3)) prime?
True
Let n = -79 + 26. Let p be (n + 26)*(-1 + 2/6). Suppose 649 = -17*s + p*s. Is s a composite number?
True
Suppose 0 = g + 3*p - 1745, -11*p + 6*p = 5*g - 8715. Suppose 2*c - 3439 = w, -5*c - 5*w - g = -6*c. Is c prime?
False
Let d(u) = -4*u**3 - u**2 + 9*u - 16. Let v be d(5). Let a = v + -245. Is a/13*11/(-3) a composite number?
True
Is (-1)/((-5)/(-20)*24/(-53994)) prime?
True
Suppose -3*g = 4*g - g. Suppose g = 10*u - 18*u + 6352. Is u composite?
True
Suppose 93 = 86*n - 85*n. Is 92*(-3)/(-36)*n composite?
True
Let w(q) = q**3 - q**2 + 7*q - 7. Let u be w(-6). Let a = 492 + u. Is a a composite number?
False
Let g = 223 - 223. Suppose -3*r + 17698 = -3*k - 16229, 2*r - 3*k - 22616 = g. Is r a prime number?
True
Suppose -6*q = q - 8785. Suppose q = 4*z - 1201. Is z prime?
False
Let u(j) = -20*j - 10 - j**2 + 28*j - 15*j. Le